. Let g = k + -1. What are the prime factors of g/(-75)*3*-90?
2, 3
Let b(u) = 37*u**3 - 12*u**2 + 217*u + 184. What are the prime factors of b(11)?
2, 25183
Let y = -1918 + 1915. Let s(d) = d**3 + 5*d**2 + 3*d. Let j(b) = 4*b**2 + 3*b + 1. Let z(o) = 3*j(o) - 2*s(o). What are the prime factors of z(y)?
2, 3, 11
Let z = 73 - 695. Let k = z + 1111. What are the prime factors of k?
3, 163
Let j be (-4)/(-10) + (-31776)/40. Let w = 1176 + j. List the prime factors of w.
2, 191
List the prime factors of -13 + 1246/98 + 189970/14.
3, 4523
Suppose 6 = -2*o, -o - 3 = 3*t + 2*o. Suppose -t*h + 1565 = 3*h. Let s = h - 210. What are the prime factors of s?
103
Suppose 0 = v - 1 - 97. Suppose 0 = -99*k + v*k + 297. List the prime factors of k.
3, 11
Suppose -4618*a + 4568*a = -2337250. What are the prime factors of a?
5, 9349
Suppose x - 2*x + 5829 = 5*p, -2314 = -2*p + 4*x. Suppose 86*b = 28*b + 2610. Suppose 10*c = b + p. List the prime factors of c.
11
Let r(c) = -815*c**3 + 2*c**2 - c. Let k be r(1). Let v = k + 1199. What are the prime factors of v?
5, 7, 11
Let r(t) = -255*t + 77. Let d be r(-9). Let s = -885 + d. List the prime factors of s.
1487
Let c be ((-129)/(-6))/(1/(3 + -1)). Let d = c + -34. Suppose 144 = d*j - 0*j. List the prime factors of j.
2
Let z be (-1 - 7)/(6/(-498)). Suppose 20*c - 3584 = -z. What are the prime factors of c?
2, 73
Let y be 4/(-5 - (-11526)/2304). Suppose 0 = -230*a + 234*a - y. What are the prime factors of a?
2, 3
Let o(m) = -40*m**3 - 10*m**2 - 12*m - 32. List the prime factors of o(-4).
2, 151
Suppose -387 = 2*o - 3*o. Let d(x) = -256*x**2 + x + 2. Let g be d(-1). Let v = g + o. What are the prime factors of v?
2, 3, 11
Suppose j - 4 - 1 = 0. Suppose 85 = 3*z - j*d, 2*z + 3*z + d = 151. Suppose -3*g + 0*g - 3*b = -51, 3*g - z = 4*b. List the prime factors of g.
2, 7
Let u(m) = 5734*m**3 + 2*m**2 - 8*m + 8. List the prime factors of u(1).
2, 3, 239
Let w = 64880 + -35152. List the prime factors of w.
2, 929
Let f(q) = 2*q**3 + 30*q**2 + 7*q - 6. Let v(w) = -2*w**3 - 31*w**2 - 6*w + 6. Let b(i) = 5*f(i) + 4*v(i). Let m = -1070 + 1058. List the prime factors of b(m).
2, 3, 5
Let l be (-3 + 8)*15 - -6. Suppose 79*o + 340 = l*o. List the prime factors of o.
2, 5, 17
Suppose 4*q - 27956 = -2*v + 12074, -3*q + 30036 = -3*v. What are the prime factors of q?
10009
Suppose 3*c - 38823 = -2*m, 7728 = -5*c - 3*m + 72435. List the prime factors of c.
3, 5, 863
Let d(a) = -a**3 + 13*a**2 - 23*a + 15. Let j be d(12). Let q = j + 117. Suppose 4 = -z + 9, q = -r - z + 206. What are the prime factors of r?
3, 67
Let h be 0 + ((-28)/7)/((-2)/(-4)). Suppose 2*u = 4*u - 150. Let g = u - h. What are the prime factors of g?
83
Let x(p) = p**2 - 13*p + 16. Let b be x(12). Suppose -2*n + 5*n - 46 = -2*o, -4 = -2*n + 4*o. What are the prime factors of (-1456)/n*(-6)/b?
2, 7, 13
Let b = 78 + -80. Let m = 4 + b. Suppose 0 = m*p - 62 - 2. List the prime factors of p.
2
Suppose 46*d + 10 = 48*d. Let z(w) = 2*w**3 + 5*w**2 - 8*w - 2. Let k be z(d). Suppose 3*c - 4*q - 314 = k, -3*q = -5*c + 1093. List the prime factors of c.
13, 17
Suppose 2*q = -2*f + 90, 3*f - 2*f - 33 = 2*q. Let a be (52/(-10) + 1/5)*f. Let p = a - -303. List the prime factors of p.
2, 7
Suppose 14046 = -40*d + 34*d. Let j = -1317 - d. What are the prime factors of j?
2
Let j(l) = 15*l**2 - 32*l + 296. Let o be j(7). Let f = 183 + o. List the prime factors of f.
2, 3, 5, 11
Suppose -i - 3067 = -156*x + 155*x, 3*i - 12 = 0. List the prime factors of x.
37, 83
Suppose 3*p + 5 = -2*h, p - 6*h + h + 13 = 0. Let k(y) = y**2 - 5*y + 19. Let n be k(11). Let i = n - p. What are the prime factors of i?
2, 11
Let y = -615 + 619. What are the prime factors of 6114/(-4)*y/(-6)?
1019
Suppose -h - 105 = 2*h. Let v = 37 + h. Suppose -x = -v*x + 4. List the prime factors of x.
2
Let u be ((-33224)/(-6))/((-56)/(-336)). Suppose -u + 3291 = -37*x. What are the prime factors of x?
809
Let d(h) = 151*h + 12. Let l be d(28). Suppose -10*z + l = -1970. List the prime factors of z.
3, 23
Let l(c) = -8052*c - 54. List the prime factors of l(-3).
2, 3, 13, 103
Let a be (((-624)/20)/6)/((-2)/(-20)). Let d = a + 55. Suppose k = -0*k - d*o + 133, -4*k = 5*o - 539. What are the prime factors of k?
2, 17
List the prime factors of 6*(-12)/1044 + (-207381)/(-29).
7151
Let u = 91 - 85. Let r be 8/(-36) + (-58)/(-18). Suppose 0 = i - d + u*d - 66, -r*d - 356 = -4*i. What are the prime factors of i?
2, 43
Suppose 2497 = 2*f + p, 3*f - 2*p = -722 + 4471. List the prime factors of f.
1249
Suppose -5*i = 826 + 169. Let b = 280 + i. Suppose 5*j + y - 2*y - b = 0, -2*y = -5*j + 77. What are the prime factors of j?
17
What are the prime factors of (77206 - 23) + ((-4)/(-1) - 4)?
79, 977
Let x(m) = m**3 + 17*m**2 + 14*m - 153. What are the prime factors of x(-10)?
11, 37
What are the prime factors of 7*((496/14 - 5) + 0)?
3, 71
Let v be -19 + (-12)/(-8)*2. Let h = v - 30. Let m = h + 95. What are the prime factors of m?
7
Let g(z) = z + 5. Let c be g(4). Let j be c/(-12) + (-49)/4. Let p = j - -21. What are the prime factors of p?
2
Let b = 637 - 632. Suppose b*c + 2*q + 346 = 2622, 5*q = -3*c + 1358. What are the prime factors of c?
2, 3, 19
Suppose 20 = -m + 5*m. Suppose 2*t + 177 = -31. Let a = m - t. List the prime factors of a.
109
Suppose -8*d = -21 - 3. Suppose -3*v + v = 2*o - 370, 4*o = -d*v + 737. Suppose 4*n - 2*x = 890, -3*n + 518 + o = 5*x. List the prime factors of n.
3, 5
Suppose -4*t = 2*i - 0*t - 17860, 0 = 3*i - t - 26776. What are the prime factors of i?
2, 4463
Let y(m) be the first derivative of -5*m**4/4 + 4*m**3/3 - m**2 + 8*m + 163. List the prime factors of y(-5).
743
Let y = -3 - -11. Suppose -y*r + 12*r = 312. Let h = 90 - r. What are the prime factors of h?
2, 3
Suppose 9*c = -3*c - 101790 + 332898. What are the prime factors of c?
19259
Suppose 12*n - 40744 = 50876. Suppose -5*u + 1694 = -2*j + 4769, -5*j + n = -2*u. List the prime factors of j.
5, 61
Let c = -2221 - 488. Let b = -1333 - c. List the prime factors of b.
2, 43
Let x = 1967 - -101. Let d = x - 1437. List the prime factors of d.
631
Suppose 58*l = 53*l - f, -2*l + 5*f = 0. Suppose 2*z + 4015 = 5*s, -2*s + 4*z + 1590 = -l*z. List the prime factors of s.
5, 7, 23
Suppose 4*v - 2 - 6 = 0. Suppose -2073 - 157 = -5*y. List the prime factors of ((-21)/6 - -2*v)*y.
223
Let a(g) = 44*g - 2148. What are the prime factors of a(80)?
2, 7
Let s(b) be the first derivative of -10*b**2 + 41*b - 142. Suppose -19 = k - 2*q, -5*k + 0*q - 20 = 5*q. What are the prime factors of s(k)?
13, 17
Let g(v) = 11*v**3 + 14*v**2 - 10*v - 177. What are the prime factors of g(15)?
2, 3, 3329
Suppose 22*g - 19*g = o - 6043, 0 = 3*g - 12. List the prime factors of o.
5, 7, 173
Suppose -t = -111*m + 113*m - 5746, 8*t - 8671 = -3*m. List the prime factors of m.
19, 151
Let k be 4/18*111*(-19 + -26). Let j = 1701 + k. What are the prime factors of j?
3, 197
Suppose 0 = -2*a + 6 + 34. List the prime factors of 276 + a/5 + (-1 - 1).
2, 139
Suppose -2*z - 3*s = -14312, -2*s - 35780 = -5*z + s. List the prime factors of z.
2, 1789
Let s(t) be the third derivative of t**6/120 + 7*t**5/20 + t**4/4 + 43*t**3/3 + 2*t**2 + 2. List the prime factors of s(-16).
2, 5, 127
Suppose 3*b + 15 = 0, 4*x - 5*b + 25 = 6*x. Let z = x + 7. What are the prime factors of z/24*(-510)/(-4)?
2, 5, 17
Suppose 4*t + 130 = -2*m - 0*t, -3*m = 2*t + 179. Let w be 8/(-28) + m/21. Let g(a) = -2*a**3 + 4*a**2 + 4. List the prime factors of g(w).
2, 47
Let i be 7 - (-15)/20*-4. Suppose -3*n - 2556 = -3*v, i*v = 3*n - n + 3412. Suppose -5*m + r = -2*r - 1446, 0 = 3*m + 5*r - v. List the prime factors of m.
2, 3
Let p(s) = s**3 - 20*s**2 - 53*s - 89. Let q be p(23). Suppose -2*u + 408 = 5*d - 57, -3*d + q = 3*u. What are the prime factors of d?
3, 31
Let c be (-6545)/14 - (3 - (-21)/(-6)). Let u = -172 - c. What are the prime factors of u?
5, 59
List the prime factors of 5/(((-35)/284697)/(20/(-30))).
2, 3, 4519
Let z = 101 - 56. Let q be 2195/z - (6/(-27) - 0). Let s = -44 + q. List the prime factors of s.
5
Let j(c) = -c + 638. Let t be j(0). Suppose 10*y = t + 762. List the prime factors of y.
2, 5, 7
Suppose -116*s + 122*s - 25715 = 1285. What are the prime factors of s?
2, 3, 5
Let t 